{"id":1140,"date":"2018-08-29T22:07:35","date_gmt":"2018-08-30T01:07:35","guid":{"rendered":"https:\/\/isfd101-bue.infd.edu.ar\/sitio\/cuarto-ano\/"},"modified":"2025-05-12T12:19:37","modified_gmt":"2025-05-12T15:19:37","slug":"cuarto-ano","status":"publish","type":"page","link":"https:\/\/isfd101-bue.infd.edu.ar\/sitio\/cuarto-ano\/","title":{"rendered":"Cuarto a\u00f1o"},"content":{"rendered":"<p>\u00a0<\/p>\n<p style=\"text-align: center;\"><strong>Marco orientador<\/strong><\/p>\n<p>Enla Pr\u00e1ctica en terreno de 4\u00ba A\u00f1o se desarrolla la pr\u00e1ctica de la ense\u00f1anza en el Nivel de Educaci\u00f3n Secundaria Superior y en otros contextos propios del desempe\u00f1o del profesor de Educaci\u00f3n F\u00edsica.<span style=\"text-align: center;\">\u00a0<\/span><\/p>\n<p>La pr\u00e1ctica deber\u00e1 realizarse atendiendo a diferentes contextos, no s\u00f3lo urbanos y rurales, sino los surgidos de distintas modalidades: Educaci\u00f3n rural, Educaci\u00f3n permanente de j\u00f3venes y adultos, Educaci\u00f3n intercultural, Educaci\u00f3n ambiental, etc., y en los distintos \u00e1mbitos de desarrollo (Ley 13688).<\/p>\n<p style=\"text-align: center;\"><strong><em><a href=\"https:\/\/isfd101-bue.infd.edu.ar\/sitio\/wp-content\/uploads\/2024\/04\/REGLAMENTO-CAMPO-4-2024-FINAL.docx\">REGLAMENTO CAMPO 4-2025<\/a><\/em><\/strong><\/p>\n<p style=\"text-align: center;\"><strong><span style=\"font-size: 14pt; color: #ec9e13;\"><a title=\"Cronograma \" href=\"upload\/CRONOGRAMA%20Avellaneda_2.doc\" target=\"_blank\" rel=\"noopener\"><em>Cronograma de Campo de la Pr\u00e1ctica IV<\/em><\/a><\/span><\/strong><\/p>\n<p style=\"text-align: center;\"><em><strong><span style=\"font-size: 14pt; color: #ec9e13;\"><a href=\"https:\/\/isfd101-bue.infd.edu.ar\/sitio\/wp-content\/uploads\/2025\/03\/PARTE-DIARIO-2025.doc\">PARTE DIARIO 2025<\/a><\/span><\/strong><\/em><\/p>\n<p style=\"text-align: center;\"><em><strong><span style=\"font-size: 14pt; color: #ec9e13;\"><a title=\"Planilla resumen\" href=\"upload\/PLANILLA%20RESUMEN%202013_2.doc\" target=\"_blank\" rel=\"noopener\">Planilla resumen de Pr\u00e1ctica Docente<\/a><\/span><\/strong><\/em><\/p>\n<p style=\"text-align: center;\"><em><strong><span style=\"font-size: 14pt; color: #ec9e13;\"><a title=\"Unidad Didactica\" href=\"https:\/\/isfd101-bue.infd.edu.ar\/sitio\/wp-content\/uploads\/2019\/05\/Unidad-didactica-campo-4-ciclo-superior.docx\" target=\"_blank\" rel=\"noopener\">Unidad Did\u00e1ctica de Educaci\u00f3n F\u00edsica (Sec. Superior)<\/a><\/span><\/strong><\/em><\/p>\n<h5 style=\"text-align: center;\"><strong><em><a href=\"https:\/\/isfd101-bue.infd.edu.ar\/sitio\/wp-content\/uploads\/2025\/03\/Secuenciacion-ES-Superior-2025-campo-4.docx\">Secuenciacion ES Superior 2025 campo 4<\/a><\/em><\/strong><\/h5>\n<p style=\"text-align: center;\"><strong><span style=\"font-size: 14pt; color: #ec9e13;\"><a title=\"Unidad Didactica\" href=\"https:\/\/isfd101-bue.infd.edu.ar\/sitio\/wp-content\/uploads\/2019\/05\/Unidad-didactica-campo-4-ciclo-basico.docx\" target=\"_blank\" rel=\"noopener\"><em>Unidad Did\u00e1ctica de Educaci\u00f3n F\u00edsica (Secundaria Basica)<\/em><\/a><\/span><\/strong><\/p>\n<h5 style=\"text-align: center;\"><strong><em><a href=\"https:\/\/isfd101-bue.infd.edu.ar\/sitio\/wp-content\/uploads\/2025\/05\/Secuenciacion-ES-Basica-2025-campo-4-1-1.docx\">Secuenciacion ES Basica 2025 campo 4 &#8211; nuevo<\/a><\/em><\/strong><\/h5>\n<p style=\"text-align: center;\">\u00a0<\/p>\n<p style=\"text-align: center;\">\u00a0<\/p>\n\n\n<div class=\"wp-block-file\"><a href=\"https:\/\/isfd101-bue.infd.edu.ar\/sitio\/wp-content\/uploads\/2023\/04\/REGLAMENTO-CAMPO-4-2023.docx\" class=\"wp-block-file__button wp-element-button\" download><\/a><\/div>\n","protected":false},"excerpt":{"rendered":"<p>\u00a0 Marco orientador Enla Pr\u00e1ctica en terreno de 4\u00ba A\u00f1o se desarrolla la pr\u00e1ctica de la ense\u00f1anza en el Nivel de Educaci\u00f3n Secundaria Superior y en otros contextos propios del desempe\u00f1o del profesor de Educaci\u00f3n F\u00edsica.\u00a0 La pr\u00e1ctica deber\u00e1 realizarse atendiendo a diferentes contextos, no s\u00f3lo urbanos y rurales, sino los surgidos de distintas modalidades: &#8230; <a title=\"Cuarto a\u00f1o\" class=\"read-more\" href=\"https:\/\/isfd101-bue.infd.edu.ar\/sitio\/cuarto-ano\/\" aria-label=\"More on Cuarto a\u00f1o\">[+]<\/a><\/p>\n","protected":false},"author":2152,"featured_media":0,"parent":0,"menu_order":0,"comment_status":"closed","ping_status":"closed","template":"","meta":[],"acf":[],"_links":{"self":[{"href":"https:\/\/isfd101-bue.infd.edu.ar\/sitio\/wp-json\/wp\/v2\/pages\/1140"}],"collection":[{"href":"https:\/\/isfd101-bue.infd.edu.ar\/sitio\/wp-json\/wp\/v2\/pages"}],"about":[{"href":"https:\/\/isfd101-bue.infd.edu.ar\/sitio\/wp-json\/wp\/v2\/types\/page"}],"author":[{"embeddable":true,"href":"https:\/\/isfd101-bue.infd.edu.ar\/sitio\/wp-json\/wp\/v2\/users\/2152"}],"replies":[{"embeddable":true,"href":"https:\/\/isfd101-bue.infd.edu.ar\/sitio\/wp-json\/wp\/v2\/comments?post=1140"}],"version-history":[{"count":12,"href":"https:\/\/isfd101-bue.infd.edu.ar\/sitio\/wp-json\/wp\/v2\/pages\/1140\/revisions"}],"predecessor-version":[{"id":2577,"href":"https:\/\/isfd101-bue.infd.edu.ar\/sitio\/wp-json\/wp\/v2\/pages\/1140\/revisions\/2577"}],"wp:attachment":[{"href":"https:\/\/isfd101-bue.infd.edu.ar\/sitio\/wp-json\/wp\/v2\/media?parent=1140"}],"curies":[{"name":"wp","href":"https:\/\/api.w.org\/{rel}","templated":true}]}}